y(v) = 2*c(v) + 9*z(v). Determine y(-3).
17
Suppose 5*m - 7 = 3. Suppose -5*b - 5*l = 10, 32*b = 31*b + l + 6. Let y(g) = 5*g**2 + 2*g + 2*g**2 - b - 8*g - 8*g**m. Give y(-8).
-18
Let m(f) = 28*f - 17. Let v(a) = -39*a + 26. Let o(t) = -7*m(t) - 5*v(t). Suppose -10*c = 177 - 7. Determine o(c).
6
Let k = 2 - 9. Suppose -1 = y + 3*o, -23 = -3*y - 5*o - 10. Let a(g) = y*g + 1 + 19*g**2 - 26*g**2 - 9*g - 7 - g**3. Determine a(k).
-20
Let j(w) = -w**2 + 0*w + 3*w + 0*w + 0*w**2 - 1. Let y = 5425 - 5422. Calculate j(y).
-1
Let g(w) = -27202*w + 10*w**2 - 2*w**2 + 27201*w. Suppose -5*f - 2*s - 9 = 0, 2*f + 10 = -s - 3*s. What is g(f)?
9
Let v(q) be the second derivative of -q**4 + q**3/2 + 3*q**2/2 - 2049*q. Calculate v(2).
-39
Let n(v) = 3*v + 25*v - 2 - 22*v - 4*v - 3*v. What is n(-12)?
10
Let z(x) = -7*x + 8. Let q = -514 + 513. Let s(b) = 2*b + 1. Let y(w) = q*z(w) - 6*s(w). Calculate y(-4).
6
Suppose 2*x - 30 = 5*x. Let k = 61 + x. Let r = k + -51. Let b(j) = -j**3 - j**2 - 2. What is b(r)?
-2
Let q(x) = -1092*x + 15. Let l(g) = -73*g + 1. Let z(a) = -15*l(a) + q(a). Suppose 6*d = -10*d + 128. Determine z(d).
24
Let u(t) = t**2 - t - 2. Let m(y) = 5*y**3 + 4*y + 16. Let j(f) = 11*f**3 + 7*f + 32. Let z(k) = 6*j(k) - 13*m(k). Let l(p) = -5*u(p) + z(p). Calculate l(6).
0
Let t(f) be the second derivative of 11*f + 0 - 5/3*f**3 + 17/2*f**2 + 1/20*f**5 - 2/3*f**4. What is t(9)?
8
Let m(f) = f**2 + 6*f + 2. Let n(j) = j**3 - 6*j**2. Let a be n(7). Suppose -a = -11*t - 16. Let h = -2 - t. Calculate m(h).
-3
Let u(z) = 199*z - 274 + 14*z**2 + z**3 - 209*z + 239. Calculate u(-14).
105
Let i = 166764 - 166757. Let v(b) be the third derivative of b**5/60 - b**4/3 + 3*b**3/2 + b**2. What is v(i)?
2
Let u(a) = a**3 - 4*a**2 + 2*a + 1. Suppose 6 = 4*i - 10. Let v be -2 - ((-18)/i)/(5/50). Let w = -39 + v. What is u(w)?
9
Let v(p) = -28*p - 20 - 7*p + 2 - 31*p + 69*p. Determine v(7).
3
Let y(f) = 316*f - f**3 - 4*f**2 - 31 - 4*f**2 - 160*f - 150*f. What is y(-9)?
-4
Let o be ((-5)/1 - (17 + -20))*-1. Suppose -o*j = -7*j - 30. Let l(h) = h**2 + 8*h + 2. Calculate l(j).
-10
Let f(m) = -m**3 - 10*m**2 - 2. Let v(o) = -4*o**3 - 68*o**2 + 2*o - 40. Let h(j) = 5*f(j) - v(j). Calculate h(18).
-6
Let j(m) = m**2 + 14*m + 46. Let n be j(-4). Let g(f) = -4 + 33*f + 0*f**2 - 26*f - f**3 - n - 6*f**2. Determine g(-7).
-10
Let a(i) = 14*i - 11. Let u be (8 - 188/24) + (-35)/(-6). Determine a(u).
73
Let c(g) = 31*g + 29*g + 25*g - 84*g. Let p(d) = 3*d - 1. Let r(o) = -5*c(o) + 3*p(o). Give r(3).
9
Suppose 12 = 5*p - 4*o, o = -6 + 3. Let s(j) = -3*j + 2. Determine s(p).
2
Let m be ((-54)/(-189))/((-3)/(-42)). Suppose -83 + 87 = m*x. Let u(n) = 13*n**2 + n - 1. Calculate u(x).
13
Let o(p) = 2*p**2 - 16*p + 16. Let x be o(7). Let a be (x - (6 - 3))*5. Let w(k) = -k**2 - 7*k - 6. Determine w(a).
4
Suppose 0 = -338*s + 1834 - 311 + 505. Let t(k) = -5*k + 16. Calculate t(s).
-14
Let m(d) be the third derivative of d**4/6 + 7*d**3/6 - 4970*d**2 - 2. Determine m(-11).
-37
Let n(t) = -t + 5. Let s be 60/75*1215/6. Suppose s*l - 11 = 161*l. What is n(l)?
-6
Let w(c) be the first derivative of c**5/30 - 3*c**4/8 - c**3 - c**2/2 - 41*c - 195. Let j(g) be the second derivative of w(g). Calculate j(8).
50
Let b(s) = -s**3 - 6*s**2 + 4*s - 2. Let d = 80 + -78. Let n be ((-3)/9)/(d/36). Give b(n).
-26
Let f = -5073 + 5078. Let d(u) = -3*u - 6. Let j be d(-7). Suppose 3*g - 2*s = j, 3*g - s - 10 - f = 0. Let r(n) = -n + 4. What is r(g)?
-1
Let a be (2/(1 + -3))/1. Let w(d) = 5 - 4 + 280*d**2 - 559*d**2 + 286*d**2. Calculate w(a).
8
Let w = -205 - -209. Let t(x) = w*x + 6 + 16 - 1 - x. Calculate t(-9).
-6
Suppose -m - 3*m = 8*m - 84. Let j(y) be the second derivative of y**5/20 - y**4/2 - 7*y**3/6 - y**2 + y. Determine j(m).
-2
Let y(m) = 3*m - 1. Let d(c) = -4*c**2 - c + 3. Suppose 2*i - 4 = q - 5, -4*i = 3*q - 3. Let l be d(q). Give y(l).
-7
Let j(v) = -v**2 - 15*v - 2. Let y(f) = -f**3 - 62*f**2 - 176*f + 43. Let o be y(-59). Determine j(o).
-18
Let c be 2/(0 - 8/(-32)). Let w be c/(-6)*(31 - 34). Let n(l) = l**3 - 3*l**2 + 4*l - 5. Determine n(w).
27
Let x(k) = k**2 - 4*k. Let d(w) = w + 7. Let j be d(3). Suppose 0 = -5*b + 3*y + j, -b - 3*y + 4 = -16. Suppose b*u = 42 - 32. Calculate x(u).
-4
Let z(b) = 41*b**2 - 763393 + 763392 + 2*b + 9*b**2. Calculate z(1).
51
Let z(q) = -2*q**2 + 150*q - 3. Let y be z(75). Let g(l) = 19*l + 52. What is g(y)?
-5
Let v = -10 + -35. Let p = v + 49. Let x(w) be the third derivative of -w**5/60 + w**4/12 - w**3/3 + 2*w**2. Give x(p).
-10
Let w(n) = -3*n + 18. Let r(l) = 4*l - 25. Let h(k) = 4*r(k) + 5*w(k). Let j(y) = y**3 + 7*y**2 - 2*y - 3. Let x be j(-7). Give h(x).
1
Let h(i) = -234 - 15*i + 89 + 30*i. Determine h(10).
5
Let j(f) = -4*f + 2*f**3 + 160 - 2*f - 159 + 2*f + 5*f. Suppose 24 = -4*x - 4*h, x - 3*h - 8 - 6 = 0. Give j(x).
-2
Let q(c) = -1 - c + 2 - 2 + 4. Suppose 0 = 11*a - 1016 + 884. Determine q(a).
-9
Let b(y) = 4*y + 4. Suppose 16*i - 2 = 15*i. Suppose -i = 3*h + 16. Calculate b(h).
-20
Let t(s) = s**3 + 10*s**2 - 9*s + 6. Let q be t(-8). Let r(o) = -200 - q + 406 - 19*o. Determine r(1).
-19
Let k(c) be the first derivative of -c**5/60 + c**4/12 - 21*c**2/2 + 165. Let w(i) be the second derivative of k(i). Give w(-3).
-15
Suppose -2*y = -0 - 6. Suppose 5*i - 24 = -3*k, i - 4*k = 2*i - 15. Let d(b) = 5 + i - 7 + b + 1. Determine d(y).
5
Let q(k) = -5*k - 76 + 7 + 45. Give q(-6).
6
Let l(k) be the third derivative of k**4/24 + 7*k**3/2 - 42*k**2. Suppose 11*o - 12*o - 4*t = 0, -o = 3*t. What is l(o)?
21
Let p(o) = -2*o - 27*o + o + 8*o + 67 + 17*o. Determine p(14).
25
Let k(l) be the third derivative of -l**5/30 - 5*l**4/24 + 31*l**3/6 - 2*l**2 - 128*l. Give k(-5).
6
Let v(i) = -48*i + 15*i + 21*i + 17*i - 34 - 47. Give v(15).
-6
Let b(v) be the first derivative of v**4/4 - 3*v**3 - 11*v**2/2 + 8*v + 1. Let u be (-900)/(-288)*-8*6/(-15). Determine b(u).
-2
Let z(y) = y + 14. Suppose -122 = -4*v + 13*j - 18*j, -j = -v + 35. Suppose -x - 4*r + 4 = 0, 2*x + v = r + 14. Give z(x).
6
Let k(f) = f - 2. Let l be k(5). Let o(t) = -7*t**3 + 36*t**2 - 6*t - 7. Let z(j) = 27*j**3 - 139*j**2 + 23*j + 27. Let x(u) = -31*o(u) - 8*z(u). Give x(l).
-2
Suppose -390*f - 448*f + 4134 = -149*f. Let m(y) = 2 + y**3 - 7*y + 2 + 1 - 5*y**2. Give m(f).
-1
Let o(w) = -w**3 + w**2 + 2*w + 5. Let q(l) be the first derivative of -l**3/3 - l**2/2 - 2*l - 71. Let z(y) = o(y) + 3*q(y). What is z(-2)?
1
Let p(k) = 10*k**2 - 5*k + 8. Let x(h) = -9*h**2 + 6*h - 7. Let n(i) = 6*p(i) + 7*x(i). Let o(l) = 3*l**2 - 14*l + 1. Let w(y) = -6*n(y) - 5*o(y). Give w(2).
9
Let w(x) = -2*x - 7. Let y(f) = -5*f + 2. Let k be y(1). Let j(z) = z**3 + 30*z**2 + 58*z + 47. Let u be j(-28). Let g be 35/5 + k + u. Determine w(g).
3
Let m(l) = -l + 9. Let t be m(-7). Let y(a) = a**2 - 15*a - 4. Let x be y(t). Suppose 9*p = 11*p - x. Let g(w) = w**3 - 7*w**2 + 7*w - 5. Calculate g(p).
1
Let k(i) = i**2 + 28*i + 188. Let o = 28318 + -28331. Give k(o).
-7
Suppose 77 = 4*a + 57. Let o(k) = -9*k**2 - a*k + 5*k - 1 - k**2. Determine o(-1).
-11
Let o(h) = -h**3 - 2*h + 3. Let p(u) = 19 - 27*u - 29*u - u**3 - u**3 - 3*u**3 + 47*u + u**2. Let s(j) = 4*o(j) - p(j). Suppose -n = -3*n. Determine s(n).
-7
Let u(h) = 4*h - 1. Let j be u(-1). Let g(b) = 3 + 198*b**3 + 3*b - 3*b - 5*b + 0 - 6*b**2 - 199*b**3. Determine g(j).
3
Let b(m) = -m**2 - 8*m + 14. Let h be (24/(-40))/((-8)/(-160)). What is b(h)?
-34
Let x(v) = 3*v - 7*v - 46*v**2 + 48*v**2. Suppose 5*q = -4*g + 31 + 6, -27 = -4*g - 3*q. What is x(g)?
6
Let b(g) = -23*g**3 + 15*g**2 + 4*g + 27. Let l(j) = -22*j**3 + 13*j**2 + 3*j + 22. Let d(y) = -5*b(y) + 6*l(y). Calculate d(-1).
19
Let z(v) = -6*v - 7444 + 14879 - 7446 - 13*v**2. Determine z(-2).
-51
Let b(i) = -2*i - 6. Let s(l) = 2*l. Let c(n) = 3*n**2 - 11*n + 4. Let f(g) = -c(g) + 5*s(g). Let d be f(7). Give b(d).
2
Let x(b) = -b**3 + 7*b**2 + 8*b - 9. Suppose 20 = z + 2*k - 0, 5*k - 62 = -4*z. Calculate x(z).
-9
Let v(q) = 3*q**3 - 12*q**2 - 2*q - 22. Let b(f) = -f**3 + 6*f**2 + f + 10. Let o be 1/(-2) + (-49)/(-14) - 1. Let x(a) = o*v(a) + 5*b(a). Determine x(-6).
0
Let h(d) be the third derivative of -d**8/6720 - d**7/5040 + d**6/720 - d**5/15 - 23*d**4/24 - 38*d**2. Let z(i) be the th